{"id":285,"date":"2026-01-22T20:52:50","date_gmt":"2026-01-22T20:52:50","guid":{"rendered":"https:\/\/sfimparationesti.ro\/?page_id=285"},"modified":"2026-01-22T21:20:12","modified_gmt":"2026-01-22T21:20:12","slug":"contribuie","status":"publish","type":"page","link":"https:\/\/sfimparationesti.ro\/index.php\/contribuie\/","title":{"rendered":"Contribuie"},"content":{"rendered":"\n    \n    <section class=\"u-clearfix u-grey-5 u-section-2\" id=\"sec-9560\">\n      <div class=\"u-clearfix u-sheet u-valign-middle-lg u-valign-middle-md u-valign-middle-sm u-valign-middle-xs u-sheet-1\">\n        <div class=\"u-align-left u-container-align-center u-container-align-left u-container-style u-expanded-width u-group u-radius u-shape-round u-white u-group-1\" data-animation-name=\"customAnimationIn\" data-animation-duration=\"1500\" data-animation-delay=\"500\" data-animation-direction=\"\">\n          <div class=\"u-container-layout u-valign-middle-lg u-valign-middle-md u-valign-middle-sm u-valign-middle-xl u-container-layout-1\">\n            <h2 class=\"u-align-center u-text u-text-1\">Contribuie <\/h2>\n            <p class=\"u-align-center u-large-text u-text u-text-variant u-text-2\"> Cu smerenie \u0219i n\u0103dejde \u00een ajutorul lui Dumnezeu, v\u0103 chem\u0103m s\u0103 fi\u021bi al\u0103turi de noi \u00een lucrarea sf\u00e2nt\u0103 de zidire a noii biserici a parohiei.<br> Fiecare dar, oric\u00e2t de mic, devine o c\u0103r\u0103mid\u0103 a credin\u021bei \u0219i o m\u0103rturie a dragostei fa\u021b\u0103 de Biserica lui Hristos. \n            <\/p>\n          <\/div>\n        <\/div>\n      <\/div>\n      <style data-mode=\"XXL\" data-visited=\"true\">@media (max-width: 0px) {\n   .u-section-2 {\n    background-image: none;\n  }\n  .u-section-2 .u-sheet-1 {\n    min-height: 243px;\n  }\n  .u-section-2 .u-group-1 {\n    min-height: 193px;\n    height: auto;\n    box-shadow: 5px 5px 30px 0 rgba(0,0,0,0.3);\n    --radius: 30px;\n    --animation-custom_in-translate_x: -300px;\n    --animation-custom_in-translate_y: 0px;\n    --animation-custom_in-opacity: 0;\n    --animation-custom_in-rotate: 0deg;\n    --animation-custom_in-scale: 0.3;\n    margin-top: 25px;\n    margin-bottom: 25px;\n    margin-left: 0;\n    margin-right: 0;\n  }\n  .u-section-2 .u-container-layout-1 {\n    padding-left: 40px;\n    padding-right: 40px;\n  }\n  .u-section-2 .u-text-2 {\n    margin-top: 60px;\n    margin-left: 0;\n    margin-right: 0;\n    margin-bottom: 0;\n  }\n}<\/style>\n    <\/section>\n    <section class=\"u-clearfix u-section-3\" id=\"sec-05f7\">\n      <div class=\"u-clearfix u-sheet u-valign-middle-lg u-valign-middle-md u-valign-middle-sm u-sheet-1\">\n        <h3 class=\"u-align-center u-text u-text-default u-text-1\"> Po\u021bi face o dona\u021bie folosind una din metodele de mai jos<\/h3>\n        <div class=\"data-layout-selected u-clearfix u-expanded-width u-gutter-30 u-layout-wrap u-layout-wrap-1\">\n          <div class=\"u-layout\">\n            <div class=\"u-layout-row\">\n              <div class=\"u-container-align-left-lg u-container-align-left-md u-container-align-left-sm u-container-align-left-xl u-container-style u-grey-5 u-layout-cell u-radius u-shape-round u-size-30 u-layout-cell-1\">\n                <div class=\"u-container-layout u-valign-middle-lg u-valign-middle-md u-valign-middle-sm u-container-layout-1\">\n                  <h2 class=\"u-align-center u-custom-font u-font-montserrat u-text u-text-default u-text-2\"> VIRAMENT BANCAR <\/h2>\n                  <h4 class=\"u-align-center-xs u-align-left-lg u-align-left-md u-align-left-sm u-align-left-xl u-custom-font u-font-montserrat u-text u-text-default u-text-3\"> Prin depunere de numerar sau virament bancar \u00een urm\u0103torul cont<\/h4>\n                  <p class=\"u-align-center-xs u-align-left-lg u-align-left-md u-align-left-sm u-align-left-xl u-text u-text-default-lg u-text-default-md u-text-default-sm u-text-default-xl u-text-4\"> RO90RNCB0030178498780001<\/p>\n                <\/div>\n              <\/div>\n              <div class=\"u-container-style u-layout-cell u-radius u-size-30 u-layout-cell-2\">\n                <div class=\"u-container-layout u-valign-bottom-lg u-valign-bottom-md u-valign-bottom-sm u-valign-bottom-xs u-container-layout-2\">\n                  <img decoding=\"async\" class=\"u-expanded-width u-hidden-md u-hidden-sm u-hidden-xs u-image u-image-contain u-image-1\" src=\"https:\/\/sfimparationesti.ro\/wp-content\/uploads\/2025\/12\/Logo1.png\" data-image-width=\"250\" data-image-height=\"151\">\n                <\/div>\n              <\/div>\n            <\/div>\n          <\/div>\n        <\/div>\n      <\/div>\n    <\/section>\n    \n    \n    \n  \n","protected":false},"excerpt":{"rendered":"<p>Contribuie Cu smerenie \u0219i n\u0103dejde \u00een ajutorul lui Dumnezeu, v\u0103 chem\u0103m s\u0103 fi\u021bi al\u0103turi de noi \u00een lucrarea sf\u00e2nt\u0103 de zidire a noii biserici a parohiei. Fiecare dar, oric\u00e2t de mic, devine o c\u0103r\u0103mid\u0103 a credin\u021bei \u0219i o m\u0103rturie a dragostei fa\u021b\u0103 de Biserica lui Hristos. Po\u021bi face o dona\u021bie folosind una din metodele de &hellip; <a href=\"https:\/\/sfimparationesti.ro\/index.php\/contribuie\/\" class=\"more-link\">Continue reading<span class=\"screen-reader-text\"> &#8222;Contribuie&#8221;<\/span><\/a><\/p>\n","protected":false},"author":1,"featured_media":0,"parent":0,"menu_order":0,"comment_status":"closed","ping_status":"closed","template":"","meta":{"footnotes":""},"class_list":["post-285","page","type-page","status-publish","hentry"],"jetpack_sharing_enabled":true,"_links":{"self":[{"href":"https:\/\/sfimparationesti.ro\/index.php\/wp-json\/wp\/v2\/pages\/285","targetHints":{"allow":["GET"]}}],"collection":[{"href":"https:\/\/sfimparationesti.ro\/index.php\/wp-json\/wp\/v2\/pages"}],"about":[{"href":"https:\/\/sfimparationesti.ro\/index.php\/wp-json\/wp\/v2\/types\/page"}],"author":[{"embeddable":true,"href":"https:\/\/sfimparationesti.ro\/index.php\/wp-json\/wp\/v2\/users\/1"}],"replies":[{"embeddable":true,"href":"https:\/\/sfimparationesti.ro\/index.php\/wp-json\/wp\/v2\/comments?post=285"}],"version-history":[{"count":5,"href":"https:\/\/sfimparationesti.ro\/index.php\/wp-json\/wp\/v2\/pages\/285\/revisions"}],"predecessor-version":[{"id":295,"href":"https:\/\/sfimparationesti.ro\/index.php\/wp-json\/wp\/v2\/pages\/285\/revisions\/295"}],"wp:attachment":[{"href":"https:\/\/sfimparationesti.ro\/index.php\/wp-json\/wp\/v2\/media?parent=285"}],"curies":[{"name":"wp","href":"https:\/\/api.w.org\/{rel}","templated":true}]}}